2*h. Let d = 10 - 7. Is f/(208/(-68) + d) a prime number?
False
Let y = -6797 - -28636. Is y a composite number?
False
Suppose -22*d = -21*d - 11298. Suppose -3*v = 3*k - d, 5*k + 7*v = 3*v + 18825. Is k prime?
True
Let f be 3 + ((-17672)/(-10) - (-8)/10). Let u = f + -984. Is u prime?
True
Let i = 76252 - 48387. Is i prime?
False
Suppose -3*i + 10*i = 28. Suppose -b = z - 673, 0 = -i*z - 2*b - b + 2688. Is z composite?
True
Suppose 4*k = -2*u - 3*u - 2, -4*u - 4*k - 4 = 0. Suppose 5*r + 23 + 22 = 5*t, 3*r + u*t + 12 = 0. Let w(p) = -27*p - 1. Is w(r) prime?
False
Let q(n) = -371*n**3 - 2*n**2 + 2*n + 1. Is q(-2) composite?
False
Suppose -4*a - 12 = -8*a. Suppose -3*r - a*o + 2495 = 2*r, -1497 = -3*r + 5*o. Is r prime?
True
Let f(d) = -18*d + 4*d + 9*d - 12 + 6*d**2. Is f(7) a prime number?
False
Let z = 756 - -97. Is z a composite number?
False
Let w(c) = -735*c**3 - c**2 + 2*c - 1. Let b be w(1). Let f be (b/(-4))/(3/12). Let j = f - 104. Is j a composite number?
False
Let v(x) = x**2 - 2*x + 2921. Is v(0) a composite number?
True
Let y be (-2 + -1)*11/(-33). Let n be y*-1233 + (2 - 5). Is n/(-21) - 2/(-14) a prime number?
True
Suppose 4*h + 2*p - 686 = 0, 3*h - 2*p - 517 = -4*p. Is h/3 + (24/9)/4 a composite number?
True
Suppose -3*n + g + 4983 = -2*g, -3*g - 3323 = -2*n. Suppose -x - 2*m = -n, -4977 = 2*x - 5*x - 5*m. Suppose 0 = 4*r - x + 66. Is r a prime number?
True
Let q(r) = r - 5. Let x(b) = 2*b**2 + 4. Let u be x(2). Let y be q(u). Suppose 0 = -4*j + y*j + 4*g - 1951, 5*j - 3243 = 2*g. Is j composite?
True
Let c = 13 - 17. Let u = c + 6. Suppose -7*o + 370 = -u*o. Is o a composite number?
True
Let t = 347 - -33176. Is t a prime number?
False
Let r be (-8)/(-12) - (-14)/6. Suppose 0 = -r*h + 7*h - 56. Is 738/h + 20/70 composite?
False
Let h = 75 + -73. Is (1041 + 3 + -2)*1/h composite?
False
Is ((-4)/6)/((-26)/178737) a composite number?
False
Let r = -33 + 37. Suppose 0*w - r*w + 484 = 0. Is w composite?
True
Suppose -z + 0*z + 2*b = -4629, -2*b = z - 4613. Is z composite?
False
Suppose 0 = 3*b + 4*w + 2507, 5*b + 4125 = 6*w - 2*w. Let h = 1667 + b. Is h composite?
True
Let z be (90/(-75))/((-3)/(-10)). Let q(b) = -268*b - 7. Let t be q(z). Suppose 0 = -5*n + o - 6*o + t, 2*n + o - 424 = 0. Is n composite?
False
Suppose -13816 = 10*q + q. Is 5/(-2 - 3) - q a prime number?
False
Let z(k) = k**2 - 10*k. Let q be z(10). Suppose 4*a + q*a + 3*y - 751 = 0, -5*y = 5*a - 940. Is a composite?
True
Let b = 443 - 753. Let i = -167 - b. Is i composite?
True
Let n(t) = -11*t + 16. Let g(q) = 23*q - 33. Let k(j) = 3*g(j) + 7*n(j). Is k(-8) prime?
False
Let t = -15354 + 27031. Is t a prime number?
True
Let f(d) = 119*d**2 - 13*d - 5. Is f(14) prime?
False
Suppose 4*q + 16 = 4*r, 20 = 3*r + q - 0*q. Suppose r*y - 16 = 2*y. Suppose -4*d = y*s - 364, 2*s - 135 = 5*d - 562. Is d a composite number?
True
Suppose 0*z = -3*z. Let u be -3*(3 + 2 + -6). Suppose -m + z*i = -3*i - 46, -u*m - i + 108 = 0. Is m a composite number?
False
Is (-6)/(-16) + (-827070)/(-48) a prime number?
True
Let q(k) = 1229*k - 144. Is q(7) a composite number?
True
Let c(z) = -2*z**2 + 1. Let p be c(7). Let d = 296 + p. Is d prime?
True
Let t be (-10)/(-4)*(48/10 - 4). Is 139*3 + t + 0/7 a prime number?
True
Suppose -4*g + 1538 = -3026. Is g prime?
False
Let s(c) = 95*c**2 - 11*c + 19. Is s(-7) a composite number?
False
Suppose 4*i - 236 = -0*i. Let j be 140/44 - 4/22. Suppose -j*g - 82 = -4*f, g + i = f + 2*f. Is f composite?
False
Let k(d) = 17*d**2 - 5*d + 9. Let h be k(5). Let p = -250 + h. Is p a prime number?
False
Let x(m) = -29*m + 5. Let c be x(-3). Is (-6)/(-3) + c + -8 composite?
True
Suppose 111*y - 79*y = 1151168. Is y composite?
True
Suppose -8*y - 405 = -u - 6*y, -4*u + 3*y = -1640. Is u prime?
False
Let n = 4588 - 1425. Is n a composite number?
False
Let b(z) = -481*z + 201. Is b(-8) a prime number?
True
Let s = -241 + 464. Is s a prime number?
True
Suppose 3*k = 3*u + 3420, 5*u + 6*k + 5709 = 2*k. Let g = -722 - u. Is g composite?
False
Suppose 0 = -4*k - q + 17, -2*k + k + 14 = -3*q. Suppose -k*r = 2*j - 9386, -j + 4*r + 9422 = j. Is j composite?
False
Let c(t) = 1151*t**3 - 8*t**2 - 4*t + 2. Is c(1) a composite number?
True
Let t(g) = -6*g - 2*g - 6 + g**2 + 5*g. Let f be t(5). Suppose u - f*o = 427, 2*o - 2581 + 963 = -4*u. Is u composite?
True
Let h = 1661 + -412. Is h a prime number?
True
Let t = -952 - -1958. Is t composite?
True
Suppose -3*s + 3*f + 5 = 2*s, -2*s + 33 = 5*f. Let g = -460 + 464. Suppose -g*w - s = -64. Is w a prime number?
False
Let x(w) = w**2 - 13*w + 3. Let g be x(13). Suppose -2*n = -g*h - 2 - 593, 5*n - 1474 = 3*h. Is n a composite number?
False
Let g(d) = -d**3 - 3*d**2 + 4*d - 3. Let h be g(-4). Let f = 2 - h. Suppose -c + 5*c - 1965 = -f*s, -2*s - 1445 = -3*c. Is c prime?
False
Suppose 9*a + 10 = 14*a. Is (11/(-33))/(a/(-3846)) prime?
True
Is -4 + 5 + -4 - (-20051 + 1) composite?
False
Let u(k) = -k**3 - 14*k**2 + k + 25. Let j be u(-14). Suppose -16*m + j*m = -255. Is m a prime number?
False
Let y = 423 - 190. Is y a prime number?
True
Let x = 1648 - 997. Let h = 43 + x. Is h a prime number?
False
Is (3*(-8974)/21)/(-2) a prime number?
True
Suppose -8*j + 10777 = -2615. Let b = j - -892. Is b prime?
False
Let h be (1 - -14)*7/(-7). Let d = 94 + h. Is d prime?
True
Let v(c) = -2*c - 4. Let k be v(-3). Suppose 0 = k*w - 4*w + 400. Suppose w = 4*r - z, -r + 157 = 2*r + z. Is r composite?
True
Let m = 16478 + -4259. Is m a prime number?
False
Let y(t) = 3*t - 1. Let h be y(1). Let d(m) = -6*m**3 + m + 7*m**3 - 1 - 2 - 5*m**h. Is d(6) prime?
False
Let d(r) be the second derivative of 275*r**3/6 - 13*r**2/2 - r. Is d(4) a composite number?
False
Let y(d) be the second derivative of d**5/2 + d**4/6 + d**3/2 - 3*d**2/2 - 2*d. Let l = -67 + 69. Is y(l) a composite number?
True
Let a(u) = u**2 - 4*u + 2. Let n be a(11). Suppose j - n = 10. Is j composite?
False
Let t = -7 + -6. Let f = t - -69. Suppose 0 = -x - 3*k + f, -2*x + 5*k + 300 = 3*x. Is x prime?
True
Let v(b) = -b**2 - 5*b - 5. Let g be v(-3). Suppose -4*m - 2*q = -18, m + 9 - g = 2*q. Suppose a + 992 = t, 4*t + 4*a = m*t + 2002. Is t a composite number?
True
Suppose -7*k = -12*k - 14670. Let z = -2015 - k. Is z a prime number?
True
Suppose 0 = -3*w + 6*w + 3837. Let b = 2307 + w. Let r = b - 561. Is r composite?
False
Suppose -12819 = -3*n - 2*o, n = 3*o + 2950 + 1312. Is n composite?
False
Let d(u) = 2*u**2. Let h be d(1). Suppose 0 = -9*c + 117 + 1638. Suppose -h*y = -1207 - c. Is y composite?
False
Let f(x) = 16 - 19 - 16*x**3 - 6*x**2 - 7*x**3 - 2*x. Is f(-4) prime?
True
Let f(y) = -286*y + 9. Is f(-5) a composite number?
False
Is (-2 - -4)/(18/225117) prime?
True
Let k(z) = 115*z**2 + 4*z - 7. Is k(-6) a composite number?
True
Let m be (12/36)/(1/9). Let b(a) = -a**3 + 6*a**2 - 3*a + 1. Is b(m) composite?
False
Suppose 3*y + 2 = -3*u + u, 0 = 4*u + 16. Let k(a) = 4*a + 3*a**2 + 2*a**2 - 10*a**3 - y*a**2 + 5 - 2. Is k(-2) a composite number?
True
Suppose j - 2*j + 258 = 0. Suppose 7*o - 4*o = -4*v + 117, -3*o = -5*v - 90. Let p = j - o. Is p prime?
True
Suppose 16611 + 1574 = 5*y. Is y prime?
True
Let k = 23 + -21. Let v(n) = 37 - n**k + 2*n - n + 7*n**3 - 2*n**3 - 4*n**3. Is v(0) a prime number?
True
Let g be 1/3 - 64/(-24). Suppose 3*u = g, 0 = 3*y - 3*u + u + 8. Is 2442/(-12)*(y + 0) composite?
True
Is ((-4)/(-6))/(-4*1/(-8286)) a composite number?
False
Suppose -4*b + 0*b - 16 = 0, -f + 3*b + 11 = 0. Let v be (f/(-2))/(6/576). Let x = v + -5. Is x composite?
False
Suppose -25461 = -4*s + 2*a + 169121, 0 = 3*s + 4*a - 145953. Is s a composite number?
False
Let t(v) = 515*v**2 - 16*v + 34. Let u(i) = -258*i**2 + 8*i - 17. Let n(r) = 4*t(r) + 7*u(r). Is n(4) prime?
True
Let z be (5*14)/(-3 + 4). Suppose -4 = -h, h + z = 5*q + 6*h. Let t(g) = 12*g - 11. Is t(q) prime?
True
Let u = 60 + -53. Suppose u*b - 696 = -b. Is b a prime number?
False
Let f = 7 - 5. Let b(d) = 4*d**3 + 5*d**2 - 19*d + 40. Let h be b(6). Suppose -1232 = -f*w - g - 270, 0 = -2*w - 3*g + h. Is w composite?
False
Let m = 80 - 75. Suppose -m*l + 883 + 2122 = 4*s, -2*s = 4*l - 1510. Is s a prime number?
False
Let p(r) = 28*r**2 + 5. Let w(v) = -v**2 + 9*v + 3. Let i be w(9). Is p(i) composite?
False
Let 